 what is -113 - -121140?
121025
In base 7, what is 514 - -6?
523
In base 3, what is -12210100201 - 11?
-12210100212
In base 8, what is -1 - 60547?
-60550
In base 11, what is 724 + 1612?
2236
In base 4, what is 311233 - 2320?
302313
In base 8, what is -1503323 + 1?
-1503322
In base 2, what is -100 - 10100011001110?
-10100011010010
In base 10, what is -6 - -761498?
761492
In base 3, what is 101 - -210020201?
210021002
In base 7, what is -234 + -151025?
-151262
In base 14, what is -2 + 5000?
4ddc
In base 15, what is 4a - -22?
6c
In base 6, what is 1103301 + 2?
1103303
In base 5, what is 143 - 2103?
-1410
In base 13, what is -2 - -1265?
1263
In base 8, what is -5 + -344205?
-344212
In base 7, what is -63 + 1323?
1230
In base 9, what is 4 - 10252?
-10247
In base 15, what is -15da1 + -4?
-15da5
In base 10, what is 944 - 1167?
-223
In base 2, what is -100 + -1000001111010?
-1000001111110
In base 9, what is -33 - -4347?
4314
In base 12, what is -a8 + -425?
-511
In base 8, what is -4 - -14132?
14126
In base 6, what is 123 + 51142?
51305
In base 2, what is -11010101110110011 + 1010?
-11010101110101001
In base 3, what is -10 - 2022201010?
-2022201020
In base 14, what is -cc + 6a?
-62
In base 12, what is -674 + -173?
-827
In base 4, what is 1030221 + 2012?
1032233
In base 15, what is -464c + a4?
-4598
In base 12, what is -578 + -2?
-57a
In base 6, what is 252 + -13253?
-13001
In base 11, what is 1 + -41991?
-41990
In base 4, what is -20023 + -1001?
-21030
In base 15, what is 26c + -cd?
18e
In base 11, what is 2a6 + -344?
-49
In base 13, what is 2 + -ab3c?
-ab3a
In base 15, what is -4b8e - b7?
-4c56
In base 13, what is -1 - -29c4?
29c3
In base 9, what is -1106586 - -3?
-1106583
In base 10, what is 211608 - -3?
211611
In base 2, what is 100111000 - -1010110?
110001110
In base 16, what is -5 + -6b44?
-6b49
In base 12, what is 1b + 96?
b5
In base 11, what is -7a - -20?
-5a
In base 4, what is -23230233123 + -3?
-23230233132
In base 9, what is -50347 + 3?
-50344
In base 14, what is -188 - -6dd?
555
In base 6, what is -22232 + -2053?
-24325
In base 9, what is -68508 - -18?
-68480
In base 8, what is 1 + -220063?
-220062
In base 14, what is -39655 - -8?
-3964b
In base 7, what is 24330 + 4?
24334
In base 13, what is 1722 + -1a?
1705
In base 5, what is 13 - -1334?
1402
In base 16, what is 68a + -f?
67b
In base 12, what is 205 + 494?
699
In base 5, what is 1 + -4142041?
-4142040
In base 4, what is 0 - 111011102?
-111011102
In base 9, what is 24083 + -4?
24078
In base 9, what is 2 - -546756?
546758
In base 13, what is -2a + 719?
6bc
In base 8, what is -3522516 + 4?
-3522512
In base 4, what is -22201 + 112032?
23231
In base 14, what is 13 - 1cb2?
-1c9d
In base 11, what is 66375 + 5?
6637a
In base 9, what is -21 - 856?
-877
In base 12, what is -4 - 76707?
-7670b
In base 13, what is 50 - -7a6?
826
In base 6, what is 32 + -122210?
-122134
In base 9, what is 152 - 83?
58
In base 3, what is 202021220 + -12?
202021201
In base 9, what is -66 - -21063?
20886
In base 15, what is -2 + 57d9?
57d7
In base 15, what is -45d1d + 5?
-45d18
In base 7, what is -5041 - 1?
-5042
In base 9, what is 28 - -16?
45
In base 11, what is 57 - -1900?
1957
In base 12, what is 5b0 - 48?
564
In base 12, what is -3 + a20?
a19
In base 15, what is 5d9d - 2?
5d9b
In base 15, what is 3 - 29038?
-29035
In base 16, what is -1 - 15c18?
-15c19
In base 6, what is -412021 - 3?
-412024
In base 10, what is -109885 - 2?
-109887
In base 9, what is -67783 + -2?
-67785
In base 10, what is -1 + 8291?
8290
In base 2, what is 10001000 - 11100111?
-1011111
In base 16, what is -17 - -1066?
104f
In base 14, what is 1db59 - -8?
1db63
In base 13, what is 5 - -19289?
19291
In base 10, what is -10883 - 75?
-10958
In base 7, what is 1 - -635042?
635043
In base 11, what is 179 + -8a?
9a
In base 16, what is 5 - 10a0ad?
-10a0a8
In base 6, what is -5253505 - -1?
-5253504
In base 14, what is 1576 - -5?
157b
In base 6, what is 2 - -203455?
203501
In base 16, what is 2 + -9ba7?
-9ba5
In base 7, what is -253636 + -55?
-254024
In base 15, what is -2 + -13ad1?
-13ad3
In base 9, what is 78 - -6053?
6142
In base 12, what is -30 - 252ba?
-2532a
In base 11, what is 131523 - 3?
131520
In base 2, what is 11 + -110110100100100110?
-110110100100100011
In base 10, what is 10 - -19097?
19107
In base 4, what is -10012 + 12023?
2011
In base 5, what is 420 + 202100?
203020
In base 2, what is -10000010111001 + -1001?
-10000011000010
In base 10, what is -255 - -64?
-191
In base 14, what is 33 - -2cd10?
2cd43
In base 6, what is -112 + -131?
-243
In base 16, what is -23 + 30fe?
30db
In base 13, what is -1c3 + 174?
-4c
In base 3, what is -1102 - 10022011?
-10100120
In base 6, what is 12 - -5400330?
5400342
In base 15, what is 9 + -4c52?
-4c48
In base 2, what is -1111000010001101111 - -100?
-1111000010001101011
In base 5, what is -43422 + 10?
-43412
In base 16, what is -8a3c2 + -4?
-8a3c6
In base 10, what is -92 + 1114?
1022
In base 3, what is -100000 - -20021?
-2202
In base 10, what is -12 + 309880?
309868
In base 5, what is 4 - 22123?
-22114
In base 3, what is -11202010 - -2121?
-11122112
In base 11, what is -2a + 67?
38
In base 6, what is -1443505 - -4?
-1443501
In base 6, what is -23 + 525?
502
In base 11, what is -9 - 15193?
-151a1
In base 16, what is -b0b + -a?
-b15
In base 12, what is -334a + -1?
-334b
In base 3, what is -222200120 + -2000?
-222202120
In base 2, what is -10011110111111 - -1010?
-10011110110101
In base 2, what is -1011101000000101110110 - 101?
-1011101000000101111011
In base 5, what is -132121 + 20?
-132101
In base 2, what is 11000101101010 - -101?
11000101101111
In base 3, what is 1111120112 - 2220?
1111110122
In base 7, what is 340245 - 5?
340240
In base 8, what is 341 - 32?
307
In base 13, what is -47 - 12?
-59
In base 14, what is ccc + a1?
d8d
In base 2, what is -100001101010 + 1101000000?
-10100101010
In base 7, what is -450 + -20331?
-21111
In base 3, what is 1122200212102 - -2?
1122200212111
In base 8, what is 1645606 + -4?
1645602
In base 15, what is 14d6 - -6?
14dc
In base 10, what is 5 - -85339?
85344
In base 7, what is 352 + 266?
651
In base 9, what is -360 + 205?
-154
In base 6, what is -2 - 205230?
-205232
In base 15, what is -3 - -1c0a?
1c07
In base 7, what is 2405015 + -5?
2405010
In base 12, what is 94558 + -4?
94554
In base 9, what is 7 - 6140?
-6132
In base 3, what is 12 - 100012011120?
-100012011101
In base 6, what is -4 - 3141555?
-3142003
In base 6, what is -1 - -115102?
115101
In base 4, what is -1 + 1102021?
1102020
In base 2, what is 10 + 1111111000010111100?
1111111000010111110
In base 9, what is 1 - -10144?
10145
In base 6, what is 211 - -2354?
3005
In base 12, what is -5 - -a778?
a773
In base 8, what is -114731 - 15?
-114746
In base 9, what is 2 - 3450?
-3447
In base 2, what is 111000101100100 - -100?
111000101101000
In base 12, what is 3722 + 0?
3722
In base 15, what is 10c85 + -3?
10c82
In base 14, what is d5663 + -4?
d565d
In base 2, what is 10000 - -10010010111110?
10010011001110
In base 3, what is 211211 + 111110?
1100021
In base 8, what is 305 + -271?
14
In base 11, what is 67a - -156?
825
In base 8, what is 2502 + 14?
2516
In base 12, what is -24 + -11a2?
-1206
In base 15, what is -deb8 - -2?
-deb6
In base 4, what is -3123100000 + -2?
-3123100002
In base 8, what is 3 + 57621?
57624
In base 5, what is 431333 - 2?
431331
In base 4, what is -3 - -103101221?
103101212
In base 13, what is -3 + 164?
161
In base 14, what is 9 - -20d7?
2102
In base 16, what is -16a + -1ae8?
-1c52
In base 5, what is 3 - -4332?
4340
In base 7, what is -204 + -155402?
-155606
In base 11, what is 32a9 - -2?
3300
In base 8, what is 10044 - 3045?
4777
In base 2, what is -1110011110000 - -1000?
-1110011101000
In base 9, what is 656 - 667?
-11
In base 6, what is -40 + 242550?
242510
In base 14, what is -10 + -6497d?
-6498d
In base 2, what is -101101 - 1011110111011?
-1011111101000
In base 4, what is 22 + 1200102?
1200130
In base 7, what is 54 + 21301?
21355
In base 11, what is 1122 - 37?
1096
In base 14, what is abab - -2?
abad
In base 12, what is -90 + -68b8?
-6988
In base 11, what is 560a8 + -6?
560a2
In base 6, what is 54421 + 12?
54433
In base 5, what is 104010 - 24?
103431
In base 10, what is 658 - 563?
95
In base 16, what